). Calculate the highest common factor of h and 125.
25
Suppose 0 = 412*s - 381*s - 63085. Calculate the highest common divisor of 55 and s.
55
Let h(a) = -a**2 - a + 7. Let i be h(0). Suppose -4*j = -4*c - c - 89, c + 4*j + 13 = 0. Let x = 31 + c. What is the greatest common factor of i and x?
7
Let c = 89 - 85. Suppose -2*r - 29 + 369 = b, c*r = -5*b + 1700. What is the highest common factor of b and 34?
34
Suppose -2*t - 103 = 81. Let w = -37 - t. Suppose -w = -4*j - 3. What is the highest common divisor of j and 117?
13
Let x(w) = -w**2 + 21*w - 26. Let s be x(17). Calculate the highest common factor of s and 168.
42
Let h be 7*((-9)/(-3) + 9/3). Calculate the greatest common factor of h and 168.
42
Suppose -7 = -m + 4*a, -5*a = -0 + 5. Let k(w) be the first derivative of -w**2/2 + 26. Let d be k(-9). Calculate the highest common factor of d and m.
3
Suppose 2*b + 3*b - 30 = 0. Suppose -204 - 366 = -5*j. What is the greatest common factor of b and j?
6
Let i be (-2)/(-10) - (-278)/10. Let j = 542 - 346. What is the highest common factor of j and i?
28
Let f be (0 + -226 - -2)/(78 + -79). What is the highest common factor of 182 and f?
14
Suppose -5*m + 279 = 4*s, 0 = 5*s - 2*m - 203 - 187. Let n be ((-76)/(-4)*6)/1. What is the greatest common divisor of s and n?
38
Let p be 1*(2 + -5)*-3. What is the highest common factor of p and 576?
9
Suppose 11*j = 3*j + 304. Calculate the greatest common divisor of j and 19.
19
Let p(c) = 707*c**2 - 29*c - 28. Let y be p(-1). What is the highest common factor of y and 12?
12
Suppose 0 = 83*k - 157*k + 1332. Let t be (-8)/(-3)*426/4. Suppose -4*g + 76 = m, -4*m + 4*g + t = -0*m. Calculate the greatest common factor of k and m.
18
Suppose 24 = 2*w + 6. Suppose -2*l = l - w. Suppose 30 = -0*n + l*n. Calculate the greatest common divisor of 2 and n.
2
Let m(r) = 2*r**2 + 26*r + 37. Let d be m(-12). What is the highest common factor of d and 117?
13
Let d(h) = 2*h - 1. Let t be d(3). Let b be 48/20 - (-3)/t. Suppose -v = -b*v + 84. Calculate the greatest common factor of 14 and v.
14
Let o = 188 - 111. Suppose h + 3*r = -4*h + 127, 3*h = -r + o. Suppose -2*c + 0*c = -h. Calculate the highest common factor of 65 and c.
13
Let r be 33124/147 + 2/(-6). Suppose -2*t = t - 75. What is the highest common divisor of t and r?
25
Suppose 6*j - 3*j - 6 = 0. Suppose -5*m - 86 = -2*x - 0*m, j*x + 4*m - 68 = 0. Let u = -26 + x. Calculate the greatest common factor of 3 and u.
3
Suppose -2*z = -5*z + 45. Let a(i) = -2*i - 7. Let k be a(-5). What is the greatest common divisor of z and k?
3
Let b be (4 - 8)*(-2)/8. Let k = -129 + 130. Calculate the highest common factor of k and b.
1
Let f be 338/10 - (-3)/(135/(-36)). What is the greatest common divisor of f and 6?
3
Let i(v) = -59*v - 135. Let l be i(-3). Calculate the highest common factor of 6 and l.
6
Suppose r - 4 = -4*w, -4*w + 8*w - 4 = -2*r. Calculate the greatest common divisor of 50 and w.
1
Let t = 482 - 327. Calculate the greatest common factor of t and 62.
31
Let l be 6/8 - 81/(-4). Let r = -12 + l. What is the greatest common factor of r and 3?
3
Suppose -20 = -5*k - 0*k. Suppose k*u = -2*h + 128, 4*u + 300 = 4*h + u. Calculate the greatest common factor of 9 and h.
9
Suppose t = -3, -j - 4*t + 10 = 75. Let v = -41 - j. What is the highest common divisor of 96 and v?
12
Suppose -4*n = 4*v + 24, -n + 4*v + 0 = -4. Let z be (-1)/n + (-5)/4. Let t be ((-2)/(-6))/(z/(-18)). Calculate the greatest common factor of 2 and t.
2
Suppose 3*y - 25 + 10 = 0. Suppose y*u = -5*m + 5, u + 2*u = 5*m - 21. Suppose 4 = m*f - 50. Calculate the highest common factor of f and 90.
18
Let o be 23 + 23 - (1 - 0). Let v be 0 + -6 - -495 - -6. Calculate the greatest common divisor of o and v.
45
Let o be 228*(6 + 3 - 8). Calculate the highest common factor of o and 304.
76
Let a(c) = c**2 + 2*c - 4. Let q be a(-5). Let z = 1084 + -963. Calculate the greatest common divisor of z and q.
11
Let w be (-47)/(-3) - (-19)/57. Calculate the highest common divisor of 36 and w.
4
Let h(l) = l**2 + 11*l - 51. Let o be h(-16). What is the greatest common factor of 406 and o?
29
Suppose 455*u - 168 = 448*u. Suppose -6 = -g - 2*g, 5*h - 430 = -5*g. Calculate the highest common factor of h and u.
12
Let u(h) be the first derivative of -h**4/4 - 7*h**3/3 - 4*h**2 + 4*h - 10. Let j be u(-6). Calculate the greatest common divisor of j and 48.
16
Let a(o) = -83*o + 116. Let n be a(-11). Calculate the highest common factor of n and 49.
49
Suppose 0*q = 4*q + 3*h - 51, q - 13 = -h. Calculate the highest common factor of 228 and q.
12
Let l(d) = -19*d + 40. Let s be l(-8). Suppose 5*k - 4*p - 64 = 0, 6*p - 2*p + 52 = 4*k. What is the highest common divisor of k and s?
12
Suppose 4*p - 102 + 30 = 0. Suppose -11 - 11 = -h + 5*w, h + 8 = -w. Let r be (0 + h)*(1 - 10). What is the greatest common divisor of r and p?
9
Suppose 5*y + m = 525, -2*y + 202 = 10*m - 8*m. Let b = y - 66. Calculate the highest common divisor of 20 and b.
20
Let v be 2029 + -42 - (0 - -7). What is the highest common factor of 72 and v?
36
Let q(t) = -2*t - 41. Let o be q(-33). What is the highest common divisor of o and 400?
25
Let g be -4 + (-845)/39*(-6)/5. Calculate the highest common factor of g and 550.
22
Let m(n) = 2*n**2 + 15*n - 7. Let p be m(-8). Let k be (p - 29)*1*1/(-2). What is the greatest common factor of 112 and k?
14
Suppose 4*b = -4*m + 12, 3*m - 5*m + 5*b - 22 = 0. Let x be m/2 + 143/22. Let y be x/1 + 2/1. What is the greatest common divisor of 56 and y?
8
Suppose -23*p + 189 = -19*p + z, p - 60 = 4*z. What is the highest common factor of 424 and p?
8
Let f be 10/(-40) + 423/12. What is the highest common factor of f and 10?
5
Let o = 186 + -99. Let i(n) = -n**3 - 11*n**2 - 9*n - 5. Let r be i(-10). Let b = 44 + r. What is the highest common factor of b and o?
29
Suppose 16*o - 140 = -19*o. Let u = -12 - -44. What is the greatest common factor of u and o?
4
Suppose -4*j - 7*q + 5*q + 486 = 0, 4*q = 3*j - 337. Calculate the highest common factor of j and 323.
17
Let z be 1/((-6)/(-60))*1/2. Suppose -18 = -2*q - 0*q + 5*h, z*q - 2*h - 45 = 0. Let o = 87 - 15. Calculate the highest common divisor of q and o.
9
Suppose -3*d + 26 = -d. Let x(g) = 1 + d*g**2 - 20*g**2 + 6*g**2 - 11*g. Let z be x(-7). What is the greatest common divisor of 29 and z?
29
Let i(y) = -y**3 - 19*y**2 + 75. Let k be i(-19). Calculate the greatest common factor of 200 and k.
25
Suppose 0 = 3*x + 4*b + 157, 106 = -2*x - 0*b - 4*b. Let j = x + 68. What is the highest common factor of j and 119?
17
Let s(n) = -145*n + 11. Let g(a) = 29*a - 2. Let u(f) = 11*g(f) + 2*s(f). Let r be u(-4). Let p = r - -171. Calculate the greatest common factor of 5 and p.
5
Let y = 80 - 38. Let o be (0/2)/(((-30)/5)/(-6)). Suppose -2*b - 55 + 67 = o. Calculate the greatest common divisor of b and y.
6
Let r(m) = 5*m**2 + 11*m + 2. Let b be r(-5). Let c be (-5)/3*b/(-20). Calculate the highest common divisor of c and 6.
6
Let u be (-2)/(-4)*30/(-3). Let c(i) = 19*i - 13. Let l be c(u). Let y be l/3*3/(-3). What is the greatest common divisor of y and 144?
36
Let d(w) = 7*w - 42. Let f be d(8). Suppose 0 = -2*z + 8, -4*s - 2*z - 125 + 13 = 0. Let h = f - s. What is the highest common factor of 11 and h?
11
Suppose -29*o + 378 = -22*o. Calculate the highest common divisor of 108 and o.
54
Suppose -h - 2*d + 4*d = 4, -2*h + 5*d = 10. Let y be (31 + h)*(-27)/(-3). Calculate the highest common divisor of y and 31.
31
Suppose -g - 9 = -2*o, 2*o - 3 = -g - 0. Let f = g - -5. Suppose -f*p - 5 = -51. Calculate the greatest common factor of 253 and p.
23
Suppose t - 10 = 13. Calculate the greatest common divisor of 713 and t.
23
Suppose -12 = -v + 3*l, -v - 10 = -4*v - 4*l. Let m(u) = -u + 39. Let z be m(21). Calculate the greatest common divisor of v and z.
6
Suppose 0 = 15*g - 2011 - 2039. Calculate the highest common factor of 60 and g.
30
Suppose -11*w + 12*w - 6 = 0. Calculate the greatest common factor of 768 and w.
6
Suppose v - 29 = 2. Let z = -67 + v. Let b = -16 - z. Calculate the highest common divisor of b and 20.
20
Suppose 58*m - 14 = 44*m. Suppose -h = 3*f + 2*f - 358, 0 = 2*f + 3*h - 138. Let d be (m/(-3))/((-4)/f). Calculate the highest common factor of